is divided by 379?
377
Calculate the remainder when 7821 is divided by 48.
45
What is the remainder when 444 is divided by 38?
26
Calculate the remainder when 643 is divided by 31.
23
Calculate the remainder when 4794 is divided by 25.
19
Calculate the remainder when 352 is divided by 125.
102
Calculate the remainder when 272 is divided by 117.
38
What is the remainder when 333 is divided by 109?
6
Calculate the remainder when 76 is divided by 59.
17
Calculate the remainder when 17933 is divided by 118.
115
Calculate the remainder when 8762 is divided by 35.
12
What is the remainder when 26 is divided by 6?
2
Calculate the remainder when 797 is divided by 199.
1
What is the remainder when 261 is divided by 10?
1
What is the remainder when 10135 is divided by 5058?
19
Calculate the remainder when 235 is divided by 88.
59
What is the remainder when 1472 is divided by 12?
8
Calculate the remainder when 8289 is divided by 319.
314
What is the remainder when 139 is divided by 48?
43
What is the remainder when 939 is divided by 54?
21
What is the remainder when 1503 is divided by 25?
3
What is the remainder when 546 is divided by 22?
18
What is the remainder when 272 is divided by 83?
23
Calculate the remainder when 419 is divided by 13.
3
Calculate the remainder when 118 is divided by 36.
10
What is the remainder when 62 is divided by 4?
2
What is the remainder when 2754 is divided by 95?
94
What is the remainder when 9800 is divided by 169?
167
Calculate the remainder when 341 is divided by 107.
20
What is the remainder when 588 is divided by 16?
12
What is the remainder when 93 is divided by 16?
13
Calculate the remainder when 197 is divided by 27.
8
What is the remainder when 325 is divided by 96?
37
What is the remainder when 1470 is divided by 477?
39
Calculate the remainder when 73 is divided by 11.
7
What is the remainder when 1455 is divided by 34?
27
Calculate the remainder when 248 is divided by 28.
24
Calculate the remainder when 182 is divided by 86.
10
Calculate the remainder when 303 is divided by 51.
48
Calculate the remainder when 365 is divided by 74.
69
Calculate the remainder when 785 is divided by 256.
17
Calculate the remainder when 76 is divided by 15.
1
Calculate the remainder when 237 is divided by 126.
111
Calculate the remainder when 149 is divided by 50.
49
What is the remainder when 1478 is divided by 10?
8
Calculate the remainder when 2104 is divided by 168.
88
What is the remainder when 294 is divided by 59?
58
What is the remainder when 49827 is divided by 302?
299
Calculate the remainder when 237 is divided by 27.
21
What is the remainder when 141 is divided by 30?
21
What is the remainder when 2718 is divided by 8?
6
What is the remainder when 15753 is divided by 39?
36
What is the remainder when 471 is divided by 170?
131
What is the remainder when 141 is divided by 8?
5
Calculate the remainder when 1149 is divided by 25.
24
What is the remainder when 100 is divided by 8?
4
Calculate the remainder when 1188 is divided by 1188.
0
What is the remainder when 364 is divided by 23?
19
Calculate the remainder when 2297 is divided by 79.
6
What is the remainder when 36 is divided by 6?
0
What is the remainder when 2855 is divided by 473?
17
What is the remainder when 7451 is divided by 207?
206
What is the remainder when 1594 is divided by 19?
17
Calculate the remainder when 238 is divided by 22.
18
Calculate the remainder when 462 is divided by 178.
106
What is the remainder when 499 is divided by 80?
19
What is the remainder when 269 is divided by 22?
5
What is the remainder when 1214 is divided by 45?
44
What is the remainder when 54 is divided by 15?
9
What is the remainder when 128 is divided by 10?
8
Calculate the remainder when 67 is divided by 17.
16
What is the remainder when 260 is divided by 25?
10
Calculate the remainder when 317 is divided by 59.
22
Calculate the remainder when 195 is divided by 7.
6
What is the remainder when 227 is divided by 45?
2
What is the remainder when 628 is divided by 309?
10
Calculate the remainder when 270 is divided by 42.
18
What is the remainder when 1386 is divided by 116?
110
Calculate the remainder when 86 is divided by 74.
12
Calculate the remainder when 92 is divided by 11.
4
What is the remainder when 174 is divided by 18?
12
What is the remainder when 323 is divided by 47?
41
Calculate the remainder when 4856 is divided by 14.
12
What is the remainder when 847 is divided by 212?
211
What is the remainder when 3024 is divided by 432?
0
What is the remainder when 738 is divided by 11?
1
What is the remainder when 3673 is divided by 1220?
13
Calculate the remainder when 469 is divided by 23.
9
Calculate the remainder when 883 is divided by 13.
12
What is the remainder when 1988 is divided by 1?
0
Calculate the remainder when 136 is divided by 50.
36
What is the remainder when 2027 is divided by 37?
29
Calculate the remainder when 1147 is divided by 170.
127
Calculate the remainder when 303 is divided by 39.
30
Calculate the remainder when 18 is divided by 7.
4
Calculate the remainder when 1059 is divided by 106.
105
Calculate the remainder when 336 is divided by 8.
0
What is the remainder when 393 is divided by 113?
54
What is the remainder when 3311 is divided by 16?
15
Calculate the remainder when 426 is divided by 90.
66
Calculate the remainder when 14 is divided by 6.
2
Calculate the remainder when 153 is divided by 62.
29
Calculate the remainder when 234 is divided by 74.
12
Calculate the remainder when 82 is divided by 12.
10
Calculate the remainder when 240 is divided by 42.
30
What is the remainder when 2389 is divided by 13?
10
What is the remainder when 265 is divided by 48?
25
What is the remainder when 930 is divided by 231?
6
Calculate the remainder when 250 is divided by 141.
109
Calculate the remainder when 167 is divided by 19.
15
Calculate the remainder when 326 is divided by 66.
62
What is the remainder when 189 is divided by 65?
59
What is the remainder when 71 is divided by 8?
7
Calculate the remainder when 7811 is divided by 13.
11
What is the remainder when 86 is divided by 3?
2
Calculate the remainder when 121 is divided by 47.
27
What is the remainder when 4367 is divided by 1452?
11
What is the remainder when 1198 is divided by 92?
2
What is the remainder when 135 is divided by 28?
23
What is the remainder when 10 is divided by 10?
0
Calculate the remainder when 888 is divided by 53.
40
What is the remainder when 347 is divided by 43?
3
Calculate the remainder when 7952 is divided by 52.
48
What is the remainder when 160 is divided by 160?
0
What is the remainder when 1756 is divided by 88?
84
Calculate the remainder when 383 is divided by 30.
23
Calculate the remainder when 4366 is divided by 52.
50
What is the remainder when 14393 is divided by 72?
65
What is the remainder when 2468 is divided by 75?
68
What is the remainder when 9962 is divided by 212?
210
What is the remainder when 599 is divided by 86?
83
Calculate the remainder when 669 is divided by 113.
104
Calculate the remainder when 681 is divided by 36.
33
What is the remainder when 200 is divided by 64?
8
What is the remainder when 779 is divided by 49?
44
Calculate the remainder when 155 is divided by 30.
5
Calculate the remainder when 559 is divided by 112.
111
What is the remainder when 1214 is divided by 576?
62
What is the remainder when 472 is divided by 79?
77
Calculate the remainder when 101 is divided by 21.
17
What is the remainder when 44 is divided by 8?
4
What is the remainder when 537 is divided by 122?
49
What is the remainder when 914 is divided by 7?
4
What is the remainder when 1905 is divided by 466?
41
Calculate the remainder when 53 is divided by 7.
4
Calculate the remainder when 213 is divided by 29.
10
Calculate the remainder when 183 is divided by 155.
28
Calculate the remainder when 381 is divided by 3.
0
Calculate the remainder when 339 is divided by 7.
3
Calculate the remainder when 3197 is divided by 78.
77
What is the remainder when 427 is divided by 37?
20
Calculate the remainder when 584 is divided by 31.
26
Calculate the remainder when 1139 is divided by 41.
32
Calculate the remainder when 47 is divided by 6.
5
Calculate the remainder when 7594 is di